 w = z + 392. Is w a composite number?
False
Suppose 0*l = l + 1078. Is 8/2 - (l - 5) a composite number?
False
Let g = -201 + 378. Is g prime?
False
Suppose -4*z = -9480 - 9652. Is z prime?
True
Is (2 - -2)*(-75)/(-20) a composite number?
True
Is (0 - -1)*616/8 a composite number?
True
Suppose -2*w - w = -q + 2, 5*w = -5*q + 30. Suppose q*j = -0*j + 445. Is j a composite number?
False
Is 4*(-3)/(-4) - 3 - -1219 composite?
True
Let z be (-6)/(-15) - 18/(-5). Is 40/16 + 2/z prime?
True
Let c = -272 - -523. Is c composite?
False
Is (6/(-36)*-51)/((-2)/(-92)) a composite number?
True
Let k be (-3 - 9/(-3)) + 2. Suppose -3*a = 5*q - 3 - 0, 5*a = -k*q - 14. Is (26/a)/((-1)/14) composite?
True
Suppose 3*s - 5*s = -22. Is s a prime number?
True
Let u be 2/((-6)/3)*-149. Let z = u - 101. Suppose p - z = 19. Is p composite?
False
Let p be 182 + (-1 + -3)/(-2). Let j be p/3 + (-6)/(-9). Let v = -41 + j. Is v a composite number?
True
Suppose 5*r - 1479 = -464. Is r a prime number?
False
Let k(b) = -b**3 + 11*b**2 - 11*b + 12. Let a be k(10). Suppose -4*o + 4*n + 196 = 8*n, a*n + 259 = 5*o. Is o composite?
True
Let h(k) = k**2 - 8*k + 6. Let m be h(8). Let o be (m/5)/(6/15). Suppose -111 = -o*y - 0. Is y composite?
False
Let h = 52 + -5. Let w = 0 + h. Is w a prime number?
True
Let q be (4 + 1)/(1/1). Suppose 3*f - 240 = 2*l - q*l, f = 2*l + 89. Is f prime?
True
Let s(m) = -m**3 + 2*m**2 + m + 4. Let q be s(5). Let n = 187 - q. Is n prime?
False
Let w be 8 - (12 + -3)/3. Suppose -29 = -3*m + w*p, 5*m + 4*p = 3*p + 67. Is m composite?
False
Is 0 + (-2 - (0 - 5303) - 4) composite?
False
Suppose d + d + 3*f = -17, 5*d - 5*f + 80 = 0. Let r = 20 + d. Let n(w) = -w**2 + 10*w - 8. Is n(r) prime?
True
Suppose 2*o - t = 108, 5*o - t - 65 - 208 = 0. Is o a composite number?
True
Let p = -2 + 54. Is 2/4*(p + 0) composite?
True
Suppose -4*f + 426 = -386. Is f prime?
False
Let l(u) be the third derivative of 0*u**4 + 0*u + 0 - 1/60*u**5 + 1/120*u**6 + u**3 + u**2. Is l(0) prime?
False
Let m(r) = r + 3. Suppose q - 13 - 2 = 0. Let b = q + -11. Is m(b) prime?
True
Is ((-1)/3)/(1/(-573)) a prime number?
True
Suppose 3*f - 266 = 181. Is f prime?
True
Let p be 2/(-4) - (-53)/2. Is 4/26 - (-10630)/p a composite number?
False
Suppose -32787 = -s - 8*s. Is s a prime number?
True
Suppose 0*b + 5*b = 15. Suppose 2*p - 590 = -b*p. Is p composite?
True
Let l = 16 + -16. Suppose 37 = -l*c + c. Is c a prime number?
True
Let b = -207 - -366. Is b a composite number?
True
Let w be 24/11 + (-8)/44. Suppose -g + 89 = 4*k, w*k = -k + 15. Is g composite?
True
Suppose -5*r + 2494 = 609. Is r a composite number?
True
Let t = 10 - 6. Let q(d) = -d**3 + 5*d**2 - 5*d + 6. Is q(t) composite?
False
Let m = 1518 - 758. Suppose -m = -2*k - 3*y, 4*k - y - 1512 = -3*y. Is k a prime number?
False
Let n(a) = -668*a**3 - 5*a**2 + 5*a - 7. Let q(h) = -1002*h**3 - 7*h**2 + 7*h - 10. Let o(c) = 7*n(c) - 5*q(c). Let f be o(-1). Is (-4)/(-10) - f/5 composite?
False
Suppose -2*d - 206 + 664 = -3*i, 5*d - i - 1132 = 0. Let z = d + -111. Is z prime?
False
Let y(d) = -77*d + 5. Is y(-6) prime?
True
Suppose 0 = -2*p + 4 + 28. Suppose -p = 4*u - 8*u. Is (3 - 6) + u - -96 a composite number?
False
Let a = 2 + 3. Suppose -5*l - 25 = -3*n, 3*n + a*l = l - 20. Is (n - 1) + (125 - 3) a prime number?
False
Let y be 10/15 + (-7)/(-3). Suppose -8 = o - y*o. Suppose o*s - 161 = 651. Is s a composite number?
True
Suppose 0*l = -l + 5. Let d = -3 + l. Is d/9 + (-1756)/(-36) composite?
True
Let a be 5*4 + (-12)/(-4). Suppose 0*r - r + 4*h + a = 0, -h = 2*r - 37. Is r composite?
False
Let o(a) = 3*a - 5. Let x be (-10)/(-2) + -5 + 3. Suppose -5*i = g - 39 - 2, 2*g = -x*i + 26. Is o(i) a composite number?
False
Let q = -3 + 5. Suppose -5*f + 310 = q*d + 61, -5*d - 4*f = -631. Is d a composite number?
False
Suppose -5*p + 9 = -2*p. Suppose 0 = 2*a - p*l + 8*l + 25, -5*l - 25 = 0. Let k = 19 - a. Is k composite?
False
Suppose -u + 0*z = -2*z, 5*u - 5*z = 5. Let v = -1 + u. Is (160 + v + 0)/1 a prime number?
False
Let h(u) = 630*u**3 + u**2 - u + 1. Is h(1) prime?
True
Let b(c) = 405*c + 11. Is b(8) composite?
False
Let v = 0 - -2. Let w = 415 + -282. Suppose -v*t + t = -w. Is t a composite number?
True
Let r = 1039 + -560. Is r a prime number?
True
Let f(x) = -x**2 - 10*x - 12. Let n be f(-8). Suppose -n*u - 940 = -4*l, 4*l + 3*u = 496 + 479. Suppose -244 = -4*k + l. Is k a composite number?
True
Let w be 7 + (-2 - (-2 + 1)). Suppose 4*b = 12, 3*t + 11*b - 24 = w*b. Suppose -2*o + 3*f + 62 = -10, 4*o + t*f = 162. Is o a prime number?
False
Suppose 5*f = 4819 + 1576. Is f prime?
True
Let k(m) = m**3 - 7*m**2 + 2*m + 7. Let j(p) = p**2 + 2*p - 1. Let f = -10 - -6. Let n be j(f). Is k(n) a composite number?
True
Let y = 2 + 1. Suppose 3*z = y*u - z - 115, -4*z = u - 33. Is u composite?
False
Let d(l) = l**3 - 8*l**2 - 7*l - 11. Let z(x) = -x**2. Let q be z(-5). Let w = -16 - q. Is d(w) a composite number?
False
Is 2160 + ((-1)/(-3))/((-15)/45) composite?
True
Suppose 0 = 3*i - 8*i + 3855. Is i a composite number?
True
Let c = -2955 - -4210. Is c a prime number?
False
Let u(h) = h**2 + 2*h + 2. Let r be u(-3). Suppose -r*m = -3*o + 466, o + 5*m = 147 - 25. Is 0/(-2) - o/(-3) a prime number?
False
Let m be (-4)/(-3)*(-9)/(-6). Suppose 2*c + m*c = 52. Let o = 26 - c. Is o a prime number?
True
Let f(u) = -u**2 - 5*u + 8. Suppose 7 = -y + 1. Let n be f(y). Suppose 3*q = -n*q + 15. Is q composite?
False
Let m = 10 - 8. Suppose 124 = -m*t + 6*t. Is t a composite number?
False
Let l(j) = 11*j**2 + 4*j - 4. Is l(-5) prime?
True
Let f(s) = 10*s**2 + 8*s - 5. Let a = -19 - -12. Let m be f(a). Suppose u + 2*u - m = 0. Is u prime?
False
Suppose 427 = 2*c - 283. Suppose 0 = d + 5*k - 105, -k - 4*k - c = -3*d. Is d prime?
False
Let r(v) = 184*v**2 + 2*v - 1. Let j be r(1). Let l = 602 + j. Is l a composite number?
False
Suppose 4*y + 3 = 23. Suppose s + 4*a = -87, -4*s - y*a + a = 324. Let h = -56 - s. Is h composite?
False
Let m = 1787 - 1156. Is m composite?
False
Is -11*(-5)/(2 + -3)*-1 a prime number?
False
Suppose 15 = 3*w - 3*i, 3*i - i = -4*w + 2. Suppose -w*l - 14 = -3*a, 5*l = 3*a + 2*l - 18. Suppose -3*g + 91 = -n + 27, 0 = g - 5*n + a. Is g composite?
False
Let n(h) be the third derivative of 19*h**4/24 - 13*h**3/6 + h**2. Is n(12) composite?
True
Suppose 2*v - 3*q = 5*v - 537, 179 = v - 4*q. Is v a composite number?
False
Let l = -5 - -9. Let m = -3 + l. Is ((-25)/(-4) - m)*4 a prime number?
False
Suppose 5*m + 710 = -2*t + 86, -m = -2. Let v = t + 448. Is v prime?
True
Let p(s) = -s**3 - 6*s**2 - 3*s - 8. Let y be p(-6). Let v(k) = 28*k. Let z be v(y). Suppose -3*a + z - 13 = 0. Is a prime?
True
Suppose -4*n - 3*i + 25 = 0, 8*i - 15 = -4*n + 3*i. Suppose -y - 4*y - n = 0. Is (11/y)/((-4)/16) a prime number?
False
Suppose 19027 + 34302 = 17*x. Is x a prime number?
True
Suppose y - 2*m - 7 = 0, m = -0*y + y - 4. Let s be 29 + (-1 - -2 - y). Suppose v + 10 - s = 0. Is v prime?
True
Let c(y) = y + 8. Let f be c(-6). Suppose -5 = f*s + 3*s, 3*u + 12 = -3*s. Let d = u + 6. Is d composite?
False
Let t = -8 - -14. Let s(h) = 5*h**2 - 6*h + 5. Is s(t) a composite number?
False
Let t be 904/12*(5 + -2). Suppose t = z + z. Is z a prime number?
True
Suppose -4*f + 6*f = 0. Suppose 0 = -p - p - 2*x + 118, f = -4*x - 12. Is p composite?
True
Suppose 2*g = 5*b - 9, -3*b = 4*g - 0*g - 21. Suppose 0 = -b*h + h + 18. Is h a prime number?
False
Let o = -191 + 134. Let m = 21 - 45. Let f = m - o. Is f a composite number?
True
Let a = -74 + 111. Is a composite?
False
Let o = 1598 - 3011. Is (-2)/(3*6/o) a prime number?
True
Is 2*(-1 - 0)*3166/(-4) a prime number?
True
Let p(t) = -2*t + 1. Let l be p(-1). Let z(v) = 5*v**2 - 2. Let i be z(6). Suppose i = l*c - c. Is c a composite number?
False
Let k(b) be the first derivative of -b**4/4 - 2*b**3/3 - 3*b**2/2 - 5*b + 1. Let f be (-4 + 3)*1*5. Is k(f) a prime number?
False
Let h = 12 + -8. Let n(y) = -4 + 0*y + 3*y**2 - 2*y - 1. Is n(h) prime?
False
Suppose 7*v - 932 = 10625. Is v composite?
True
Suppose 2115 - 636 = 3*q. Is q composite?
True
Suppose 0 = -z + d + 520, 3*d = -z - 2*z + 1542. Is z a prime number?
False
Let b be (4/4)/(1/393). Let k = -278 + b. Is k a composite number?
True
Suppose 4 = 